{"id":11,"date":"2011-10-25T18:08:02","date_gmt":"2011-10-25T16:08:02","guid":{"rendered":"http:\/\/127.0.0.1\/montannispolecnost_cz\/?page_id=11"},"modified":"2024-04-08T19:31:53","modified_gmt":"2024-04-08T17:31:53","slug":"sponzori-a-partneri","status":"publish","type":"page","link":"https:\/\/www.montannispolecnost.cz\/?page_id=11","title":{"rendered":"Sponzo\u0159i a partne\u0159i"},"content":{"rendered":"<p style=\"text-align: left;\"><strong><img loading=\"lazy\" class=\"alignleft size-full wp-image-99\" style=\"margin: 5px;\" title=\"cez_logo_RGB_40px\" src=\"http:\/\/www.montannispolecnost.cz\/wp-content\/uploads\/2011\/10\/cez_logo_RGB_40px.jpg\" alt=\"logo Nadace \u010cEZ\" width=\"40\" height=\"40\" \/><a title=\"Nadace \u010cEZ\" href=\"http:\/\/www.nadacecez.cz\/cs\/uvod.html\" target=\"_blank\" rel=\"noopener\">Nadace \u010cEZ<\/a> &#8211;<\/strong> v\u00fdznamn\u011b se finan\u010dn\u011b pod\u00edlela na\u00a0rekonstrukci dopravy n\u00e1v\u0161t\u011bvn\u00edk\u016f v podzem\u00ed b\u00fdval\u00e9ho dolu Skalka, kde budujeme podzemn\u00ed hornickou expozici.\u00a0Jej\u00ed pomoc z\u00e1sadn\u011b p\u0159isp\u011bla k\u00a0rozvoji regionu, podpo\u0159ila rozvoj turistiky a vzd\u011bl\u00e1vac\u00ed \u00a0v\u011bdeck\u00e9 programy prob\u00edhaj\u00edc\u00ed in situ. D\u011bkujeme!\u00a0 \/<a title=\"odkaz na www str\u00e1nky Nadace \u010cEZ\" href=\"http:\/\/www.nadacecez.cz\" target=\"_blank\" rel=\"noopener\">www.nadacecez.cz<\/a>\/<\/p>\n<p>&nbsp;<\/p>\n<p style=\"text-align: left;\"><strong><img loading=\"lazy\" class=\"alignleft size-full wp-image-110\" style=\"margin: 4px 5px;\" title=\"HBZS Ostrava_40px\" src=\"http:\/\/www.montannispolecnost.cz\/wp-content\/uploads\/2011\/10\/HBZS-Ostrava_40px.jpg\" alt=\"logo HBZS Ostrava\" width=\"40\" height=\"40\" \/><a title=\"HBZS - Ostrava\" href=\"http:\/\/www.hbzs-ov.cz\/\" target=\"_blank\" rel=\"noopener\">Hlavn\u00ed b\u00e1\u0148sk\u00e1 z\u00e1chrann\u00e1 stanice Ostrava<\/a> &#8211; p<\/strong>artner zaji\u0161\u0165uj\u00edc\u00ed pravideln\u00e9 prohl\u00eddky bezpe\u010dn\u00e9ho stavu podzemn\u00edch objekt\u016f. Zaji\u0161\u0165uje \u0161kolen\u00ed a kurzy na\u0161ich pracovn\u00edk\u016f, prohl\u00eddky d\u00fdchac\u00edch p\u0159\u00edstroj\u016f a pod. \/<a title=\"www.hbzs-ov.cz\" href=\"http:\/\/www.hbzs-ov.cz\/\" target=\"_blank\" rel=\"noopener\">www.hbzs-ov.cz<\/a>\/<\/p>\n<p>&nbsp;<\/p>\n<p style=\"text-align: left;\"><strong><img loading=\"lazy\" class=\"alignleft size-full wp-image-127\" style=\"margin: 4px 5px;\" title=\"VSB_hgf_logo_40px\" src=\"http:\/\/www.montannispolecnost.cz\/wp-content\/uploads\/2011\/10\/VSB_hgf_logo_40px1.jpg\" alt=\"\" width=\"40\" height=\"40\" \/><a title=\"V\u0160B\" href=\"http:\/\/www.hgf.vsb.cz\/cs\/\" target=\"_blank\" rel=\"noopener\">Vysok\u00e1 \u0161kola B\u00e1\u0148sk\u00e1 &#8211; Technick\u00e1 univerzita Ostrava<\/a> <\/strong>&#8211; spolupr\u00e1ce\u00a0 s\u00a0<a title=\"Institut enviroment\u00e1ln\u00edho in\u017een\u00fdrstv\u00ed\" href=\"http:\/\/www.hgf.vsb.cz\/instituty-a-pracoviste\/cs\/okruhy\/546\/\" target=\"_blank\" rel=\"noopener\">Institutem enviroment\u00e1ln\u00edho in\u017een\u00fdrstv\u00ed<\/a> a <a title=\"Hornicko-geologick\u00e1 fakupta\" href=\"http:\/\/www.hgf.vsb.cz\/cs\/\" target=\"_blank\" rel=\"noopener\">Hornicko-geologickou fakultou<\/a>.\u00a0V\u00a0r\u00e1mci vzd\u011bl\u00e1vac\u00edho v\u011bdeck\u00e9ho programu jsou student\u016fm\u00a0V\u0160B umo\u017e\u0148ov\u00e1ny exkurze do dolu Skalka. Studenti se tak mohou sezn\u00e1mit s\u00a0histori\u00ed hornick\u00e9 \u010dinnosti, m\u011b\u0159i\u010dskou prax\u00ed, s\u00a0environment\u00e1ln\u00edmi dopady po d\u016fln\u00ed \u010dinnosti a podobn\u011b in situ. \/<a title=\"www.hgf.vsb.cz\" href=\"http:\/\/www.hgf.vsb.cz\/cs\/\">www.hgf.vsb.cz<\/a>\/<strong> <\/strong><\/p>\n<p>&nbsp;<\/p>\n<p style=\"text-align: left;\"><strong><img loading=\"lazy\" class=\"alignleft size-full wp-image-130\" style=\"margin: 5px;\" title=\"logo_Krby_Urban_40px.jpg\" src=\"http:\/\/www.montannispolecnost.cz\/wp-content\/uploads\/2011\/10\/logo_Krby_Urban_40px.jpg\" alt=\"logo Krby Urban\" width=\"40\" height=\"40\" \/><a title=\"Krby Urban\" href=\"http:\/\/www.krby-urban.cz\/\" target=\"_blank\" rel=\"noopener\">Krby Urban<\/a><\/strong> &#8211; kamar\u00e1d a v\u00fdznamn\u00fd mecen\u00e1\u0161 u\u0161lechtil\u00e9ho srdce, kter\u00fd velk\u00fdm d\u00edlem podporuje vznik podzemn\u00ed expozice v b\u00fdval\u00e9m dole Skalka. Dokonce nev\u00e1h\u00e1 ani osobn\u011b p\u0159ilo\u017eit ruku k d\u00edlu. \/<a href=\"http:\/\/www.krby-urban.cz\/\">www.krby-urban.cz<\/a>\/<\/p>\n<p>&nbsp;<\/p>\n<p style=\"text-align: left;\"><strong><img loading=\"lazy\" class=\"alignleft size-full wp-image-139\" style=\"margin: 4px 5px;\" title=\"barbora_logo_40px\" src=\"http:\/\/www.montannispolecnost.cz\/wp-content\/uploads\/2011\/10\/barbora_logo_40px.jpg\" alt=\"logo Barbora\" width=\"40\" height=\"40\" \/><a title=\"Spole\u010dnost Barbora\" href=\"http:\/\/solvayovylomy.cz\/\" target=\"_blank\" rel=\"noopener\">Spole\u010dnost Barbora<\/a><\/strong>, Solvayovy lomy &#8211; muzeum t\u011b\u017eby a dopravy v\u00e1pence v \u010cesk\u00e9m krasu, vlastn\u00edk opr\u00e1vn\u011bn\u00ed k \u010dinnosti prov\u00e1d\u011bn\u00e9 hornick\u00fdm zp\u016fsobem. P\u0159edev\u0161\u00edm kamar\u00e1di, se kter\u00fdmi spolupracujeme a kte\u0159\u00ed n\u00e1m ji\u017e mnohokr\u00e1t vypomohli. \/<a href=\"http:\/\/solvayovylomy.cz\" target=\"_blank\" rel=\"noopener\">http:\/\/solvayovylomy.cz<\/a>\/<\/p>\n<p>&nbsp;<\/p>\n<p style=\"text-align: left;\"><strong><img loading=\"lazy\" class=\"alignleft size-full wp-image-225\" style=\"margin: 4px;\" title=\"FABRICOM_logo_40px\" src=\"http:\/\/www.montannispolecnost.cz\/wp-content\/uploads\/2011\/10\/FABRICOM_logo_40px.jpg\" alt=\"Fabricom logo\" width=\"40\" height=\"40\" \/><a title=\"Fabricom\" href=\"http:\/\/www.fabricom.cz\/\" target=\"_blank\" rel=\"noopener\">Fabricom<\/a><\/strong> &#8211; sponzor kabelov\u00e9ho veden\u00ed pro osv\u011btlen\u00ed b\u00fdval\u00e9ho d\u016fln\u00edho d\u00edla Skalka, kde nyn\u00ed budujeme vlastn\u00ed podzemn\u00ed hornickou expozici pro ve\u0159ejnost. \/<a href=\"http:\/\/www.fabricom.cz\" target=\"_blank\" rel=\"noopener\">www.fabricom.cz<\/a>\/<\/p>\n<p>&nbsp;<\/p>\n<p style=\"text-align: left;\"><strong><img loading=\"lazy\" class=\"alignleft size-full wp-image-210\" style=\"margin: 4px;\" title=\"PCR_40px\" src=\"http:\/\/www.montannispolecnost.cz\/wp-content\/uploads\/2011\/10\/PCR_40px1.jpg\" alt=\"P\u010cR logo\" width=\"40\" height=\"40\" \/><a title=\"Policie \u010cesk\u00e9 republiky \u2013 K\u0158P hlavn\u00edho m\u011bsta Prahy\" href=\"http:\/\/www.policie.cz\/uzemni-utvary-krajske-reditelstvi-policie-pha.aspx\" target=\"_blank\" rel=\"noopener\">Policie \u010cR &#8211; Krajsk\u00e9 \u0159editelstv\u00ed hl. m. Prahy<\/a>, Slu\u017eba krimin\u00e1ln\u00ed policie a vy\u0161et\u0159ov\u00e1n\u00ed, odd\u011blen\u00ed p\u00e1tr\u00e1n\u00ed<\/strong> &#8211; partner se kter\u00fdm spolupracujeme p\u0159i vyhled\u00e1v\u00e1n\u00ed poh\u0159e\u0161ovan\u00fdch osob v podzem\u00ed. Tyto pr\u00e1ce zaji\u0161\u0165ujeme nezi\u0161tn\u011b. \/<a href=\"http:\/\/www.policie.cz\/uzemni-utvary-krajske-reditelstvi-policie-pha.aspx\" target=\"_blank\" rel=\"noopener\">www.policie.cz<\/a>\/<\/p>\n<p>&nbsp;<\/p>\n<p style=\"text-align: left;\"><strong><img loading=\"lazy\" class=\"alignleft size-full wp-image-261\" style=\"margin: 4px 5px;\" title=\"Philips_logo_40px\" src=\"http:\/\/www.montannispolecnost.cz\/wp-content\/uploads\/2011\/10\/Philips_logo_40px.jpg\" alt=\"Philips logo\" width=\"40\" height=\"40\" \/><a title=\"Philips\" href=\"http:\/\/www.philips.cz\/\" target=\"_blank\" rel=\"noopener\">Phillips<\/a><\/strong> &#8211; sponzor \u00fasporn\u00fdch z\u00e1\u0159ivek pro osv\u011btlen\u00ed b\u00fdval\u00e9ho d\u016fln\u00edho d\u00edla Skalka, kde vznik\u00e1 podzemn\u00ed expozice hornick\u00e9 historie. \/<a href=\"http:\/\/www.philips.cz\">www.philips.cz<\/a>\/<\/p>\n<p>&nbsp;<\/p>\n<p style=\"text-align: left;\"><img loading=\"lazy\" class=\"size-full wp-image-362\" title=\"Keyr_logo_obdelnik_studny_40\" src=\"http:\/\/www.montannispolecnost.cz\/wp-content\/uploads\/2011\/10\/Keyr_logo_obdelnik_studny_40.jpg\" alt=\"\" width=\"82\" height=\"40\" \/>\u00a0 <a href=\"http:\/\/www.studnycechy.cz\/\">Key\u0159<\/a> &#8211; materi\u00e1ln\u00ed pomoc. <a href=\"http:\/\/www.studnycechy.cz\/\">http:\/\/www.studnycechy.cz\/<\/a><\/p>\n","protected":false},"excerpt":{"rendered":"<p>Nadace \u010cEZ &#8211; v\u00fdznamn\u011b se finan\u010dn\u011b pod\u00edlela na\u00a0rekonstrukci dopravy n\u00e1v\u0161t\u011bvn\u00edk\u016f v podzem\u00ed b\u00fdval\u00e9ho dolu Skalka, kde budujeme podzemn\u00ed hornickou expozici.\u00a0Jej\u00ed pomoc z\u00e1sadn\u011b p\u0159isp\u011bla k\u00a0rozvoji regionu, podpo\u0159ila rozvoj turistiky a vzd\u011bl\u00e1vac\u00ed \u00a0v\u011bdeck\u00e9 programy prob\u00edhaj\u00edc\u00ed in situ. D\u011bkujeme!\u00a0 \/www.nadacecez.cz\/ &nbsp; Hlavn\u00ed b\u00e1\u0148sk\u00e1 z\u00e1chrann\u00e1 stanice Ostrava &#8211; partner zaji\u0161\u0165uj\u00edc\u00ed pravideln\u00e9 prohl\u00eddky bezpe\u010dn\u00e9ho stavu podzemn\u00edch objekt\u016f. Zaji\u0161\u0165uje \u0161kolen\u00ed a [&hellip;]<\/p>\n","protected":false},"author":1,"featured_media":0,"parent":0,"menu_order":4,"comment_status":"closed","ping_status":"closed","template":"","meta":[],"_links":{"self":[{"href":"https:\/\/www.montannispolecnost.cz\/index.php?rest_route=\/wp\/v2\/pages\/11"}],"collection":[{"href":"https:\/\/www.montannispolecnost.cz\/index.php?rest_route=\/wp\/v2\/pages"}],"about":[{"href":"https:\/\/www.montannispolecnost.cz\/index.php?rest_route=\/wp\/v2\/types\/page"}],"author":[{"embeddable":true,"href":"https:\/\/www.montannispolecnost.cz\/index.php?rest_route=\/wp\/v2\/users\/1"}],"replies":[{"embeddable":true,"href":"https:\/\/www.montannispolecnost.cz\/index.php?rest_route=%2Fwp%2Fv2%2Fcomments&post=11"}],"version-history":[{"count":170,"href":"https:\/\/www.montannispolecnost.cz\/index.php?rest_route=\/wp\/v2\/pages\/11\/revisions"}],"predecessor-version":[{"id":488,"href":"https:\/\/www.montannispolecnost.cz\/index.php?rest_route=\/wp\/v2\/pages\/11\/revisions\/488"}],"wp:attachment":[{"href":"https:\/\/www.montannispolecnost.cz\/index.php?rest_route=%2Fwp%2Fv2%2Fmedia&parent=11"}],"curies":[{"name":"wp","href":"https:\/\/api.w.org\/{rel}","templated":true}]}}